 c - 4. Let f be o(d). Suppose -f*k + 128 = 8. Calculate the greatest common factor of k and 6.
6
Let c = 973 - 787. Calculate the greatest common divisor of c and 6.
6
Let h(k) = 2*k**2 - 5*k - 18. Let x be h(-6). Let v = -128 - -184. Calculate the highest common divisor of v and x.
28
Let p(w) = w**3 + 6*w**2 + 3*w + 8. Let n be p(-4). Suppose 5*a + 9 + n = 2*r, 2*r + 3 = -3*a. What is the greatest common factor of 6 and r?
6
Suppose -5*s = 3*a - 157, -5*a + 253 = 5*s - s. Let l be 23/3 - 2/3. Calculate the greatest common factor of a and l.
7
Suppose y - 102 = -4*b, -b = -0*y + 4*y - 363. What is the highest common divisor of 480 and y?
30
Let m = -86 - -179. What is the greatest common factor of m and 31?
31
Let o(u) = -3*u - 1. Let x be o(-2). Suppose -q - 6 = l, 4*l + 32 - 2 = -q. Let v be -2*(116/l - -2). Calculate the greatest common divisor of v and x.
5
Let c = 130 + -62. What is the highest common divisor of c and 272?
68
Let x(f) = -10*f + 5. Let q be x(-5). Suppose -5*k = -4*i + 6 - 1, 21 = 3*i + 2*k. Calculate the highest common divisor of q and i.
5
Let j = -268 + 332. What is the greatest common divisor of 48 and j?
16
Suppose -9*j - 3*m + 339 = -5*j, -83 = -j + m. What is the highest common divisor of j and 36?
12
Suppose -43 = -2*g - 13. Suppose g*n = 108 + 117. Calculate the greatest common factor of n and 165.
15
Let l(x) = -3*x. Let o be l(-1). Suppose -3*t = w - 19, w - o*t = 4 + 33. Calculate the highest common divisor of 7 and w.
7
Suppose 230*i - 31584 = 209*i. Calculate the greatest common factor of i and 47.
47
Let z = -25 - 79. Let s = z + 9. Let p = s + 143. What is the highest common factor of 6 and p?
6
Suppose 2*c - 3*c + 8 = -2*k, -3*c + 3*k + 21 = 0. Let b be ((-2)/c)/(6/(-108)). Calculate the greatest common divisor of 3 and b.
3
Suppose 0*f = -6*f + 30. Suppose -4*i - 3*w = -547, 4*i - f*w - 128 = 411. Calculate the greatest common divisor of i and 17.
17
Let j(f) = 5*f**2 - 2*f - 3. Let o be (18/4)/3*-2. Let h be j(o). Calculate the greatest common divisor of 120 and h.
24
Let g(x) be the second derivative of x**3/3 + 27*x**2/2 - 44*x. Let w be g(-6). What is the greatest common divisor of 25 and w?
5
Let l(g) = -g**3 - 10*g**2 - 8*g. Let d be l(-10). Suppose 10 = 6*j - 86. Calculate the highest common factor of j and d.
16
Suppose -l - 36 = -3*q - 3, 3*q - 2*l = 30. Let p be 2360/28 + (-4)/14. Calculate the greatest common divisor of q and p.
12
Let k = -207 + 224. What is the greatest common divisor of 2227 and k?
17
Suppose -2 = d - 5*b - 24, 5*d - b = 38. Calculate the highest common divisor of 371 and d.
7
Let y be (-2 - 76/(-16))*16. Let a = -54 + 186. Calculate the highest common divisor of a and y.
44
Suppose m = -2*m + 5*y - 8, 3*m - 4*y = -7. Let b be (m/2 + (-2)/(-12))*-30. What is the highest common divisor of b and 5?
5
Let f(b) = 3*b**3 + b**2 - b - 1. Let q be (-68)/119 - 3/7. Let m be f(q). Let v be ((-234)/m)/3 + 1. What is the highest common factor of 16 and v?
8
Let p be (-66)/(-5)*4/(-16)*-10. Let s = 143 + p. What is the highest common divisor of 16 and s?
16
Let b = 107 - 113. Let i be b/(24/(-76)) - 3. Let s = 498 - 322. Calculate the highest common divisor of i and s.
16
Suppose -293 = -4*h + 355. What is the greatest common divisor of h and 18?
18
Suppose -20 = q - 5*q. Suppose -f + 5*f - 20 = -2*w, 0 = -q*w + 3*f - 15. Suppose w = -g + 28 - 15. What is the highest common divisor of g and 65?
13
Suppose -29 = -26*m + 49. Suppose 75 = 3*w + 2*w. What is the greatest common factor of w and m?
3
Let h = 3 - 2. Suppose 0 = -o + 5*x - 10, 129*o = 131*o - 4*x + 2. What is the greatest common factor of h and o?
1
Let l(j) = 11*j**2 - j - 4. Let s be l(4). Suppose 2*p + 0*p = s. Let g = -8 - -20. What is the greatest common divisor of p and g?
12
Suppose -50 + 2 = -2*z + 5*m, -5*m = 0. Suppose -385 = -29*k + z*k. What is the greatest common divisor of k and 7?
7
Suppose 4*w = 2*r + 305 - 69, -5*r - 142 = -2*w. Let y be 57/4 - 2/8. What is the greatest common factor of w and y?
14
Suppose -3*l = l + 2*i + 68, -i - 16 = l. Let z = -14 - l. Suppose 0 = 5*x + 3*w - 21, z*x - 4*w - 6 = -2. Calculate the highest common factor of x and 2.
1
Let y(l) = -11*l + 1. Let n be y(-3). Let h = 35 - n. Let o be h/(-2)*-3*26. What is the highest common factor of o and 13?
13
Let h be (6 - 5 - -4) + 11. Let x be -3 + 598/h - (-6)/(-16). What is the greatest common divisor of x and 51?
17
Let v(z) = -9*z + 69. Let u(b) = b - 2. Let y(o) = -4*u(o) - v(o). Let h be y(19). Calculate the greatest common factor of 374 and h.
34
Let o = 1047 + -482. Calculate the highest common divisor of o and 5.
5
Let l be (-5 + (-282)/(-36))/((-1)/(-102)). What is the greatest common factor of 153 and l?
17
Let g(w) = -w**3 - w**2 + w + 198. Let d be g(0). Let z(i) = i**3 + 11*i**2 + 22*i - 24. Let b be z(-7). What is the greatest common divisor of d and b?
18
Let y(k) = k**3 - k**2 + 3*k. Let p be y(0). Suppose 50 = b + 3*h, 0*b - 5*b + 2*h + 250 = p. Calculate the highest common factor of 125 and b.
25
Suppose 12 = 4*z - 4*u, z + 0 = -2*u + 3. Let m = 187 + -160. What is the greatest common factor of m and z?
3
Let h be ((-1353)/(-164))/((-3)/(-180)). Calculate the highest common divisor of 396 and h.
99
Let s be (1*(-3)/6)/((-1)/158). What is the highest common factor of s and 1185?
79
Let y(c) = 8*c - 26. Let f be y(4). What is the greatest common factor of 36 and f?
6
Let l be ((-3)/(-9))/(2/62)*24. Calculate the greatest common divisor of l and 434.
62
Suppose -d - 143 = -2*x + 3, 0 = -5*x + 2*d + 365. What is the highest common factor of 219 and x?
73
Let v(d) = 3*d + 5. Let n be v(-2). Let t(j) = 12*j**2 + j - 1. Let b be t(n). Calculate the greatest common divisor of b and 4.
2
Let w = -238 + 248. Calculate the highest common factor of w and 18.
2
Suppose -4*i = -3*z + 17 + 49, 0 = i - 5*z + 25. Let g = i + 37. What is the greatest common divisor of g and 176?
22
Let v be (-63)/3 - (-4)/(-2). Let k = 29 + v. Calculate the highest common factor of 9 and k.
3
Let g(p) = -106*p - 182. Let n be g(-2). What is the greatest common factor of 372 and n?
6
Suppose 0*r - 2*r = -6. Suppose 5*g + 31 = 2*o, 3*g + 1 = -0*o - o. Suppose o = 6*n - 10. What is the highest common divisor of n and r?
3
Let o be 915/2*(-14)/(-21). What is the greatest common divisor of o and 5?
5
Suppose 3*s + 5*t + 5 = -2*s, -2*s + 3*t = -13. Suppose -s*p + 5 = -1. Suppose p*v - 30 = -2*v. Calculate the highest common factor of v and 48.
6
Let u(h) = 2*h**2 - 10*h - 4. Let t be (-60)/(-8)*12/9. Let k be u(t). Calculate the highest common factor of k and 12.
12
Let d(w) = 21*w + 8. Let z be (7/(-21))/((-1)/12). Let b be d(z). Let n = 144 - b. Calculate the highest common divisor of 13 and n.
13
Let g = 9 - 9. Let k be -1*(g + -3)*1. Suppose -r - 2*r + 5*s + k = 0, 4 = 4*r + 3*s. Calculate the greatest common factor of r and 2.
1
Let z = 200 + -120. Suppose 14 = u + 3*u + 2*q, 3 = q. Let h = 8 + u. Calculate the highest common divisor of h and z.
10
Let s be 109/1 - 20/4. What is the highest common factor of s and 13?
13
Suppose -128 = -5*p + 17. Calculate the greatest common divisor of p and 377.
29
Let p be (-18)/30 + (-163)/(-5). Let k be (9/12)/(6/32). Calculate the greatest common factor of p and k.
4
Let j be 9*(28/6 - 4). Suppose -15 = -5*w, -j = -z - 4*w + 8. Let i(a) = 3*a - 4. Let h be i(6). What is the greatest common factor of z and h?
2
Let f(k) = 7*k**2 + 12*k - 5. Let t be f(8). What is the greatest common divisor of t and 154?
77
Let q be 22/(((-10)/6 - -2)*3). Let i(c) = -c**3 + 6*c**2 + 2*c - 13. Let d be i(5). Calculate the greatest common factor of d and q.
22
Let q be -4*4/(-8) - -3. Suppose -10*j = -q*j - 85. Let y(o) = 4*o**2 + 5*o + 5. Let l be y(-6). What is the highest common divisor of l and j?
17
Let i(u) = -31*u + 720. Let w be i(20). What is the greatest common divisor of w and 220?
20
Let g be -2 + 0*5/15. Let k be (g/(4/(-6)))/(6/10). Calculate the greatest common factor of 10 and k.
5
Let k(c) = -7*c + 214. Let l be k(-8). What is the highest common divisor of 216 and l?
54
Suppose 4*m - 1315 = 5*y, -m + 20 - 283 = y. Let a = y + 384. What is the highest common factor of 22 and a?
11
Suppose -1 = 4*c - 9, 4*j - 2470 = -